 1?
1
Calculate the highest common factor of 80070 and 1785.
255
What is the highest common divisor of 558 and 194308?
62
Calculate the greatest common divisor of 1992 and 614532.
996
What is the greatest common factor of 1835 and 301307?
367
Calculate the greatest common factor of 4310 and 20.
10
What is the highest common factor of 151801 and 52?
13
What is the highest common divisor of 4324 and 236?
4
Calculate the highest common divisor of 1406 and 3800.
38
What is the greatest common factor of 5671 and 48899?
107
Calculate the highest common divisor of 8 and 94936.
8
Calculate the highest common factor of 24 and 13506.
6
What is the highest common divisor of 20126 and 174?
58
Calculate the greatest common divisor of 126 and 3241.
7
Calculate the highest common divisor of 540 and 1545210.
270
What is the highest common divisor of 2666 and 172?
86
Calculate the greatest common factor of 490 and 97286.
14
What is the greatest common factor of 8666 and 434?
14
What is the greatest common factor of 120 and 580095?
15
Calculate the greatest common divisor of 4393 and 44312.
191
Calculate the highest common factor of 144 and 2256.
48
What is the greatest common divisor of 2018200 and 160?
40
Calculate the highest common divisor of 70 and 154490.
70
Calculate the greatest common divisor of 7310107 and 553.
553
What is the highest common factor of 3351 and 48?
3
What is the highest common factor of 6 and 314?
2
Calculate the greatest common factor of 15813 and 2016.
63
Calculate the highest common divisor of 3303 and 189.
9
Calculate the greatest common factor of 2772 and 5666892.
924
Calculate the greatest common factor of 261210 and 90.
30
What is the highest common divisor of 77586 and 18528?
1158
What is the highest common divisor of 87 and 381495?
87
Calculate the greatest common factor of 63938 and 42.
14
What is the highest common factor of 10455 and 157080?
255
What is the highest common divisor of 24 and 140776?
8
What is the highest common factor of 792 and 405009?
99
Calculate the greatest common factor of 144 and 511104.
48
Calculate the greatest common divisor of 41206 and 198.
22
Calculate the highest common divisor of 21606 and 1170.
78
What is the greatest common divisor of 12839 and 3817?
347
Calculate the greatest common divisor of 2 and 11293.
1
What is the greatest common factor of 22684 and 1484?
212
Calculate the greatest common divisor of 2117 and 73.
73
Calculate the highest common factor of 57319 and 713.
31
What is the highest common factor of 594483 and 639?
213
Calculate the greatest common divisor of 157906 and 686.
14
Calculate the highest common factor of 84 and 187929.
21
What is the greatest common factor of 10036 and 116572?
772
Calculate the highest common divisor of 24999 and 143.
13
What is the highest common factor of 288 and 1176?
24
What is the highest common factor of 58231 and 1?
1
What is the highest common factor of 192 and 30976?
64
What is the highest common divisor of 2362580 and 220?
220
What is the highest common factor of 85140 and 48?
12
What is the highest common factor of 399 and 33744?
57
What is the greatest common factor of 1891 and 671?
61
Calculate the greatest common factor of 1134 and 3409.
7
What is the greatest common divisor of 3888 and 5840?
16
What is the greatest common divisor of 12882 and 25086?
678
Calculate the greatest common factor of 31 and 56513.
31
What is the highest common divisor of 4762924 and 17?
17
What is the greatest common factor of 3384 and 9414?
18
Calculate the highest common factor of 102 and 6477.
51
What is the highest common divisor of 3496 and 133?
19
Calculate the greatest common factor of 197328 and 6.
6
What is the highest common divisor of 9828 and 215280?
468
What is the greatest common factor of 12 and 6?
6
What is the greatest common divisor of 2538 and 33652?
94
What is the highest common factor of 111 and 5957?
37
What is the greatest common factor of 10 and 1506590?
10
Calculate the greatest common divisor of 1737485 and 255.
85
What is the highest common divisor of 18009 and 391?
23
Calculate the highest common divisor of 74295 and 240.
15
What is the greatest common factor of 500 and 23350?
50
What is the greatest common factor of 201 and 3243939?
201
Calculate the highest common factor of 256 and 43392.
128
Calculate the highest common divisor of 15411 and 5203.
11
Calculate the highest common divisor of 5 and 2315.
5
What is the greatest common divisor of 570 and 6194?
38
Calculate the highest common divisor of 690850 and 574.
82
Calculate the highest common factor of 2080881 and 11.
11
Calculate the greatest common divisor of 16847 and 51.
17
What is the highest common divisor of 2668 and 736?
92
What is the greatest common divisor of 8875 and 202705?
355
What is the highest common factor of 98494 and 296?
74
Calculate the greatest common divisor of 322190 and 6060.
1010
Calculate the greatest common divisor of 312 and 1664.
104
What is the greatest common factor of 5050 and 160750?
50
Calculate the highest common divisor of 171567 and 11.
11
Calculate the greatest common divisor of 158260 and 41.
41
Calculate the highest common divisor of 992 and 14942.
62
What is the highest common factor of 4312 and 74872?
392
What is the highest common divisor of 8472 and 124?
4
Calculate the greatest common factor of 256 and 47904.
32
What is the highest common factor of 14904 and 9828?
108
Calculate the highest common factor of 29 and 84564.
29
What is the highest common divisor of 76174 and 140?
14
Calculate the greatest common divisor of 2183611 and 1359.
151
Calculate the greatest common factor of 8151 and 23408.
209
Calculate the greatest common factor of 860 and 133730.
430
What is the highest common factor of 8412698 and 14?
14
Calculate the greatest common divisor of 156 and 844.
4
Calculate the greatest common divisor of 121 and 50732.
11
What is the highest common divisor of 101 and 396425?
101
Calculate the highest common divisor of 65424 and 944.
16
Calculate the highest common factor of 28 and 1291682.
14
Calculate the highest common divisor of 201200 and 800.
400
Calculate the greatest common factor of 33 and 442794.
33
Calculate the greatest common divisor of 2997 and 11322.
333
Calculate the greatest common divisor of 24584 and 8.
8
What is the highest common factor of 6838 and 7364?
526
Calculate the highest common factor of 51940 and 106.
106
Calculate the greatest common divisor of 229473 and 18.
9
Calculate the greatest common divisor of 402 and 2015025.
201
What is the greatest common divisor of 548 and 762816?
548
Calculate the greatest common factor of 871 and 23140.
13
Calculate the greatest common factor of 86336 and 298768.
1136
What is the greatest common divisor of 2700 and 15975?
225
Calculate the greatest common divisor of 2618 and 916062.
238
What is the greatest common factor of 104528 and 272?
16
Calculate the highest common divisor of 393305 and 25.
5
What is the greatest common factor of 189126 and 126?
126
What is the greatest common factor of 112 and 89264?
112
What is the highest common divisor of 14772 and 132?
12
Calculate the greatest common divisor of 83 and 4565.
83
What is the greatest common divisor of 74 and 7902?
2
Calculate the highest common factor of 13 and 22061.
13
Calculate the greatest common factor of 1212 and 205434.
606
Calculate the greatest common divisor of 2210 and 17524.
26
Calculate the greatest common factor of 324283 and 479.
479
Calculate the greatest common factor of 21886 and 90721.
353
Calculate the highest common factor of 4560 and 3540.
60
Calculate the highest common divisor of 12882 and 1130.
226
Calculate the highest common divisor of 1505 and 595.
35
What is the highest common factor of 230 and 204010?
230
Calculate the greatest common divisor of 615285 and 1130.
565
Calculate the greatest common factor of 22451966 and 106.
106
Calculate the highest common factor of 24416 and 2289.
763
Calculate the highest common divisor of 228720 and 500.
20
Calculate the highest common divisor of 152 and 3656.
8
What is the highest common factor of 27390 and 435?
15
What is the greatest common factor of 44526 and 3198?
246
Calculate the greatest common divisor of 920 and 1376504.
184
What 